{"id":113,"date":"2016-09-26T13:06:54","date_gmt":"2016-09-26T16:06:54","guid":{"rendered":"http:\/\/www.bentoquirino.com.br\/bentoquirino_wp\/?page_id=113"},"modified":"2023-02-24T16:17:37","modified_gmt":"2023-02-24T19:17:37","slug":"inscreva-se-ja","status":"publish","type":"page","link":"https:\/\/www.bentoquirino.com.br\/novo\/inscreva-se-ja\/","title":{"rendered":"Inscreva-se j\u00e1"},"content":{"rendered":"\t\t<div data-elementor-type=\"wp-page\" data-elementor-id=\"113\" class=\"elementor elementor-113\" data-elementor-post-type=\"page\">\n\t\t\t\t\t\t<section class=\"elementor-section elementor-top-section elementor-element elementor-element-b97f6f8 elementor-section-stretched elementor-section-boxed elementor-section-height-default elementor-section-height-default\" data-id=\"b97f6f8\" data-element_type=\"section\" data-e-type=\"section\" data-settings=\"{&quot;stretch_section&quot;:&quot;section-stretched&quot;,&quot;background_background&quot;:&quot;classic&quot;}\">\n\t\t\t\t\t\t<div class=\"elementor-container elementor-column-gap-default\">\n\t\t\t\t\t<div class=\"elementor-column elementor-col-100 elementor-top-column elementor-element elementor-element-82455e8\" data-id=\"82455e8\" data-element_type=\"column\" data-e-type=\"column\">\n\t\t\t<div class=\"elementor-widget-wrap elementor-element-populated\">\n\t\t\t\t\t\t<div class=\"elementor-element elementor-element-1062e40 elementor-widget elementor-widget-heading\" data-id=\"1062e40\" data-element_type=\"widget\" data-e-type=\"widget\" data-widget_type=\"heading.default\">\n\t\t\t\t<div class=\"elementor-widget-container\">\n\t\t\t\t\t<h2 class=\"elementor-heading-title elementor-size-default\">Matr\u00edcula Online<\/h2>\t\t\t\t<\/div>\n\t\t\t\t<\/div>\n\t\t\t\t\t<\/div>\n\t\t<\/div>\n\t\t\t\t\t<\/div>\n\t\t<\/section>\n\t\t\t\t<section class=\"elementor-section elementor-top-section elementor-element elementor-element-266d08ce elementor-section-boxed elementor-section-height-default elementor-section-height-default\" data-id=\"266d08ce\" data-element_type=\"section\" data-e-type=\"section\">\n\t\t\t\t\t\t<div class=\"elementor-container elementor-column-gap-default\">\n\t\t\t\t\t<div class=\"elementor-column elementor-col-100 elementor-top-column elementor-element elementor-element-666f1565\" data-id=\"666f1565\" data-element_type=\"column\" data-e-type=\"column\">\n\t\t\t<div class=\"elementor-widget-wrap elementor-element-populated\">\n\t\t\t\t\t\t<div class=\"elementor-element elementor-element-6740ba62 elementor-widget elementor-widget-text-editor\" data-id=\"6740ba62\" data-element_type=\"widget\" data-e-type=\"widget\" data-widget_type=\"text-editor.default\">\n\t\t\t\t<div class=\"elementor-widget-container\">\n\t\t\t\t\t\t\t\t\t<p>\u00a0<\/p><h3 style=\"line-height: 25px; text-align: center;\"><strong>Preencha seus dados corretamente:<\/strong><\/h3><div class=\"wpcf7 no-js\" id=\"wpcf7-f5603-o1\" lang=\"pt-BR\" dir=\"ltr\" data-wpcf7-id=\"5603\">\n<div class=\"screen-reader-response\"><p role=\"status\" aria-live=\"polite\" aria-atomic=\"true\"><\/p> <ul><\/ul><\/div>\n<form action=\"\/novo\/wp-json\/wp\/v2\/pages\/113#wpcf7-f5603-o1\" method=\"post\" class=\"wpcf7-form init\" id=\"form-concomitante\" aria-label=\"Formul\u00e1rios de contato\" novalidate=\"novalidate\" data-status=\"init\">\n<fieldset class=\"hidden-fields-container\"><input type=\"hidden\" name=\"_wpcf7\" value=\"5603\" \/><input type=\"hidden\" name=\"_wpcf7_version\" value=\"6.1.5\" \/><input type=\"hidden\" name=\"_wpcf7_locale\" value=\"pt_BR\" \/><input type=\"hidden\" name=\"_wpcf7_unit_tag\" value=\"wpcf7-f5603-o1\" \/><input type=\"hidden\" name=\"_wpcf7_container_post\" value=\"0\" \/><input type=\"hidden\" name=\"_wpcf7_posted_data_hash\" value=\"\" \/>\n<\/fieldset>\n<div class=\"column one\">\n\t<p><span class=\"wpcf7-form-control-wrap\" data-name=\"nome\"><input size=\"40\" maxlength=\"400\" class=\"wpcf7-form-control wpcf7-text wpcf7-validates-as-required\" aria-required=\"true\" aria-invalid=\"false\" placeholder=\"Primeiro nome*\" value=\"\" type=\"text\" name=\"nome\" \/><\/span>\n\t<\/p>\n<\/div>\n<div class=\"column one\">\n\t<p><span class=\"wpcf7-form-control-wrap\" data-name=\"sobrenome\"><input size=\"40\" maxlength=\"400\" class=\"wpcf7-form-control wpcf7-text wpcf7-validates-as-required\" aria-required=\"true\" aria-invalid=\"false\" placeholder=\"Sobrenome*\" value=\"\" type=\"text\" name=\"sobrenome\" \/><\/span>\n\t<\/p>\n<\/div>\n<div class=\"column one\">\n\t<p><span class=\"wpcf7-form-control-wrap\" data-name=\"telefone\"><input size=\"40\" maxlength=\"400\" class=\"wpcf7-form-control wpcf7-text wpcf7-validates-as-required wpcf7-tel\" aria-required=\"true\" aria-invalid=\"false\" placeholder=\"Telefone (DDD + Telefone)\" value=\"\" type=\"text\" name=\"telefone\" \/><\/span>\n\t<\/p>\n<\/div>\n<div class=\"column one\">\n\t<p><span class=\"wpcf7-form-control-wrap\" data-name=\"celular\"><input size=\"40\" maxlength=\"400\" class=\"wpcf7-form-control wpcf7-text wpcf7-validates-as-required wpcf7-cel\" aria-required=\"true\" aria-invalid=\"false\" placeholder=\"Celular (DDD + Celular)\" value=\"\" type=\"text\" name=\"celular\" \/><\/span>\n\t<\/p>\n<\/div>\n<div class=\"column one\">\n\t<p><span class=\"wpcf7-form-control-wrap\" data-name=\"cursos\"><select class=\"wpcf7-form-control wpcf7-select wpcf7-validates-as-required\" aria-required=\"true\" aria-invalid=\"false\" name=\"cursos\"><option value=\"Qual curso voc\u00ea tem interesse?\">Qual curso voc\u00ea tem interesse?<\/option><option value=\"Administra\u00e7\u00e3o\">Administra\u00e7\u00e3o<\/option><option value=\"An\u00e1lises Cl\u00ednicas\">An\u00e1lises Cl\u00ednicas<\/option><option value=\"An\u00e1lises Qu\u00edmicas\">An\u00e1lises Qu\u00edmicas<\/option><option value=\"Biotecnologia\">Biotecnologia<\/option><option value=\"Com\u00e9rcio Exterior\">Com\u00e9rcio Exterior<\/option><option value=\"Comunica\u00e7\u00e3o Visual\">Comunica\u00e7\u00e3o Visual<\/option><option value=\"Desenho de Constru\u00e7\u00e3o Civil\">Desenho de Constru\u00e7\u00e3o Civil<\/option><option value=\"Design de Interiores\">Design de Interiores<\/option><option value=\"Edifica\u00e7\u00f5es\">Edifica\u00e7\u00f5es<\/option><option value=\"Eletr\u00f4nica\">Eletr\u00f4nica<\/option><option value=\"Farm\u00e1cia\">Farm\u00e1cia<\/option><option value=\"Inform\u00e1tica\">Inform\u00e1tica<\/option><option value=\"Inform\u00e1tica para Internet\">Inform\u00e1tica para Internet<\/option><option value=\"Log\u00edstica\">Log\u00edstica<\/option><option value=\"Mecatr\u00f4nica\">Mecatr\u00f4nica<\/option><option value=\"Nutri\u00e7\u00e3o e Diet\u00e9tica\">Nutri\u00e7\u00e3o e Diet\u00e9tica<\/option><option value=\"Produ\u00e7\u00e3o de Moda\">Produ\u00e7\u00e3o de Moda<\/option><option value=\"Programa\u00e7\u00e3o Jogos Digitais\">Programa\u00e7\u00e3o Jogos Digitais<\/option><option value=\"Publicidade\">Publicidade<\/option><option value=\"Qu\u00edmica\">Qu\u00edmica<\/option><option value=\"Transa\u00e7\u00f5es Imobili\u00e1rias\">Transa\u00e7\u00f5es Imobili\u00e1rias<\/option><\/select><\/span>\n\t<\/p>\n<\/div>\n<div class=\"column one\">\n\t<p><span class=\"wpcf7-form-control-wrap\" data-name=\"cpf\"><input size=\"40\" maxlength=\"400\" class=\"wpcf7-form-control wpcf7-text wpcf7-validates-as-required wpcf7-cpf\" aria-required=\"true\" aria-invalid=\"false\" placeholder=\"CPF\" value=\"\" type=\"text\" name=\"cpf\" \/><\/span>\n\t<\/p>\n<\/div>\n<div class=\"column one\">\n\t<p><span class=\"wpcf7-form-control-wrap\" data-name=\"email\"><input size=\"40\" maxlength=\"400\" class=\"wpcf7-form-control wpcf7-email wpcf7-validates-as-required wpcf7-text wpcf7-validates-as-email\" aria-required=\"true\" aria-invalid=\"false\" placeholder=\"E-mail*\" value=\"\" type=\"email\" name=\"email\" \/><\/span>\n\t<\/p>\n<\/div>\n<div class=\"column one\">\n\t<p><span class=\"wpcf7-form-control-wrap\" data-name=\"data\"><input size=\"40\" maxlength=\"400\" class=\"wpcf7-form-control wpcf7-text wpcf7-validates-as-required wpcf7-data\" aria-required=\"true\" aria-invalid=\"false\" placeholder=\"Data de Nascimento\" value=\"\" type=\"text\" name=\"data\" \/><\/span>\n\t<\/p>\n<\/div>\n<div class=\"column one\">\n\t<p><span class=\"wpcf7-form-control-wrap\" data-name=\"sexo\"><select class=\"wpcf7-form-control wpcf7-select wpcf7-validates-as-required\" aria-required=\"true\" aria-invalid=\"false\" name=\"sexo\"><option value=\"Qual \u00e9 o seu sexo?\">Qual \u00e9 o seu sexo?<\/option><option value=\"Masculino\">Masculino<\/option><option value=\"Feminino\">Feminino<\/option><\/select><\/span>\n\t<\/p>\n<\/div>\n<div class=\"column one\">\n\t<p><input class=\"wpcf7-form-control wpcf7-submit has-spinner\" type=\"submit\" value=\"CADASTRAR\" \/>\n\t<\/p>\n<\/div>\n<div class=\"column one\">\n\t<p><i>*Campos obrigat\u00f3rios.<\/i>\n\t<\/p>\n<\/div><input type='hidden' class='wpcf7-pum' value='{\"closepopup\":false,\"closedelay\":0,\"openpopup\":false,\"openpopup_id\":0}' \/><div class=\"wpcf7-response-output\" aria-hidden=\"true\"><\/div>\n<\/form>\n<\/div><p><script type=\"text\/javascript\">\n    var __ss_noform = __ss_noform || [];\n    __ss_noform.push(['baseURI', 'https:\/\/app-3QNBJM0XLI.marketingautomation.services\/webforms\/receivePostback\/MzawMDEzMjUzBQA\/']);\n    __ss_noform.push(['form', 'form-concomitante', 'ebb953fc-44b0-4f5e-8804-a285efe06bd4']);\n<\/script><br \/><br \/><\/p>\t\t\t\t\t\t\t\t<\/div>\n\t\t\t\t<\/div>\n\t\t\t\t\t<\/div>\n\t\t<\/div>\n\t\t\t\t\t<\/div>\n\t\t<\/section>\n\t\t\t\t<section class=\"elementor-section elementor-top-section elementor-element elementor-element-54feaef elementor-section-boxed elementor-section-height-default elementor-section-height-default\" data-id=\"54feaef\" data-element_type=\"section\" data-e-type=\"section\">\n\t\t\t\t\t\t<div class=\"elementor-container elementor-column-gap-default\">\n\t\t\t\t\t<div class=\"elementor-column elementor-col-100 elementor-top-column elementor-element elementor-element-e135cfb\" data-id=\"e135cfb\" data-element_type=\"column\" data-e-type=\"column\">\n\t\t\t<div class=\"elementor-widget-wrap elementor-element-populated\">\n\t\t\t\t\t\t<div class=\"elementor-element elementor-element-80c6171 elementor-widget elementor-widget-spacer\" data-id=\"80c6171\" data-element_type=\"widget\" data-e-type=\"widget\" data-widget_type=\"spacer.default\">\n\t\t\t\t<div class=\"elementor-widget-container\">\n\t\t\t\t\t\t\t<div class=\"elementor-spacer\">\n\t\t\t<div class=\"elementor-spacer-inner\"><\/div>\n\t\t<\/div>\n\t\t\t\t\t\t<\/div>\n\t\t\t\t<\/div>\n\t\t\t\t\t<\/div>\n\t\t<\/div>\n\t\t\t\t\t<\/div>\n\t\t<\/section>\n\t\t\t\t<\/div>\n\t\t","protected":false},"excerpt":{"rendered":"<p>Matr\u00edcula Online \u00a0 Preencha seus dados corretamente:<\/p>\n","protected":false},"author":24,"featured_media":0,"parent":0,"menu_order":1,"comment_status":"closed","ping_status":"closed","template":"","meta":{"_acf_changed":false,"inline_featured_image":false,"footnotes":""},"categories":[],"tags":[],"class_list":["post-113","page","type-page","status-publish","hentry"],"acf":[],"_links":{"self":[{"href":"https:\/\/www.bentoquirino.com.br\/novo\/wp-json\/wp\/v2\/pages\/113","targetHints":{"allow":["GET"]}}],"collection":[{"href":"https:\/\/www.bentoquirino.com.br\/novo\/wp-json\/wp\/v2\/pages"}],"about":[{"href":"https:\/\/www.bentoquirino.com.br\/novo\/wp-json\/wp\/v2\/types\/page"}],"author":[{"embeddable":true,"href":"https:\/\/www.bentoquirino.com.br\/novo\/wp-json\/wp\/v2\/users\/24"}],"replies":[{"embeddable":true,"href":"https:\/\/www.bentoquirino.com.br\/novo\/wp-json\/wp\/v2\/comments?post=113"}],"version-history":[{"count":148,"href":"https:\/\/www.bentoquirino.com.br\/novo\/wp-json\/wp\/v2\/pages\/113\/revisions"}],"predecessor-version":[{"id":65083,"href":"https:\/\/www.bentoquirino.com.br\/novo\/wp-json\/wp\/v2\/pages\/113\/revisions\/65083"}],"wp:attachment":[{"href":"https:\/\/www.bentoquirino.com.br\/novo\/wp-json\/wp\/v2\/media?parent=113"}],"wp:term":[{"taxonomy":"category","embeddable":true,"href":"https:\/\/www.bentoquirino.com.br\/novo\/wp-json\/wp\/v2\/categories?post=113"},{"taxonomy":"post_tag","embeddable":true,"href":"https:\/\/www.bentoquirino.com.br\/novo\/wp-json\/wp\/v2\/tags?post=113"}],"curies":[{"name":"wp","href":"https:\/\/api.w.org\/{rel}","templated":true}]}}